{"id":64,"date":"2020-05-28T08:41:17","date_gmt":"2020-05-28T08:41:17","guid":{"rendered":"http:\/\/vjesnik.riarhiv.hr\/wordpress\/?page_id=64"},"modified":"2020-05-29T11:12:21","modified_gmt":"2020-05-29T11:12:21","slug":"inventari-i-regeste","status":"publish","type":"page","link":"https:\/\/vjesnik.riarhiv.hr\/wordpress\/?page_id=64","title":{"rendered":"Inventari i regeste"},"content":{"rendered":"\n<p><a href=\"http:\/\/vjesnik.riarhiv.hr\/wordpress\/?page_id=58\">Rina Bla\u017ei\u0107 Abramovi\u0107:<br>Lu\u010dka ispostava Krk 1945.-1989. (Sumarni inventar arhivskog fonda HRDARI-517)<\/a><\/p>\n\n\n\n<p><a href=\"http:\/\/vjesnik.riarhiv.hr\/wordpress\/?page_id=60\">Luka Ani\u010di\u0107:<br>Zbirka fotografija Croatia line d.d. (u ste\u010daju) (Jugoslavenska linijska<br>plovidba)<\/a><\/p>\n\n\n\n<p><a href=\"http:\/\/vjesnik.riarhiv.hr\/wordpress\/?page_id=62\">Luka Ani\u010di\u0107:<br>Zbirka fotografija Tvornice papira Rijeka<\/a><\/p>\n","protected":false},"excerpt":{"rendered":"<p>Rina Bla\u017ei\u0107 Abramovi\u0107:Lu\u010dka ispostava Krk 1945.-1989. (Sumarni inventar arhivskog fonda HRDARI-517) Luka Ani\u010di\u0107:Zbirka fotografija Croatia line d.d. (u ste\u010daju) (Jugoslavenska linijskaplovidba) Luka Ani\u010di\u0107:Zbirka fotografija Tvornice papira Rijeka<\/p>\n","protected":false},"author":1,"featured_media":0,"parent":0,"menu_order":0,"comment_status":"closed","ping_status":"closed","template":"","meta":{"pgc_sgb_lightbox_settings":"","footnotes":""},"class_list":["post-64","page","type-page","status-publish","hentry"],"_links":{"self":[{"href":"https:\/\/vjesnik.riarhiv.hr\/wordpress\/index.php?rest_route=\/wp\/v2\/pages\/64","targetHints":{"allow":["GET"]}}],"collection":[{"href":"https:\/\/vjesnik.riarhiv.hr\/wordpress\/index.php?rest_route=\/wp\/v2\/pages"}],"about":[{"href":"https:\/\/vjesnik.riarhiv.hr\/wordpress\/index.php?rest_route=\/wp\/v2\/types\/page"}],"author":[{"embeddable":true,"href":"https:\/\/vjesnik.riarhiv.hr\/wordpress\/index.php?rest_route=\/wp\/v2\/users\/1"}],"replies":[{"embeddable":true,"href":"https:\/\/vjesnik.riarhiv.hr\/wordpress\/index.php?rest_route=%2Fwp%2Fv2%2Fcomments&post=64"}],"version-history":[{"count":2,"href":"https:\/\/vjesnik.riarhiv.hr\/wordpress\/index.php?rest_route=\/wp\/v2\/pages\/64\/revisions"}],"predecessor-version":[{"id":244,"href":"https:\/\/vjesnik.riarhiv.hr\/wordpress\/index.php?rest_route=\/wp\/v2\/pages\/64\/revisions\/244"}],"wp:attachment":[{"href":"https:\/\/vjesnik.riarhiv.hr\/wordpress\/index.php?rest_route=%2Fwp%2Fv2%2Fmedia&parent=64"}],"curies":[{"name":"wp","href":"https:\/\/api.w.org\/{rel}","templated":true}]}}